the hundreds digit of s?
1
Let c(l) = -l**2 - 18*l + 2. Suppose -4 = 4*u - 88. Let k = -35 + u. What is the tens digit of c(k)?
5
Suppose -p - 19530 = -2*o - 3139, -p - 32779 = -4*o. What is the thousands digit of o?
8
Let v(t) be the third derivative of 1/6*t**3 + 0 - 1/12*t**5 + 1/12*t**4 - 1/30*t**6 + 0*t - 21*t**2. What is the units digit of v(-3)?
8
Suppose -10 = -2*n, 5*x - 10*n = -6*n + 15. Let s be (6 - 1)*(x - 6). Suppose -b - 460 = -s*b. What is the hundreds digit of b?
1
Let o(w) = -9*w - 3. Let h be o(-2). Let i(v) = v**2 - 2*v + 3. Let c be i(0). Suppose c*m - 25 = -2*b, 3*b - h = -4*m + 2*m. What is the units digit of m?
9
What is the thousands digit of -5*((1 - 355) + 2)?
1
Let n(p) be the second derivative of -p**3/2 + 15*p**2/2 - 11*p. Let b be n(4). Suppose 3*i - 168 = 5*o, -5*i + b*i + 3*o = -111. What is the tens digit of i?
5
Suppose 0*d + 6*d = 12. Suppose 2*w + 1 = x, 3*x + 5*w = d*x + 22. Suppose -x*j + 383 = 96. What is the units digit of j?
1
Let z = -461 + 464. Suppose -3*b - z*g + 4205 = 1097, -3*b = -4*g - 3115. What is the units digit of b?
7
Let m(t) be the third derivative of t**5/60 - t**4/2 + 14*t**3/3 - 64*t**2. What is the units digit of m(-7)?
1
Let s(l) be the third derivative of -l**4/12 + l**3/2 + 3*l**2. Suppose -71 + 47 = 6*c. What is the tens digit of s(c)?
1
Let w = -165 + 165. Suppose 4*s - 193 - 289 = -5*n, w = -n - s + 96. What is the tens digit of n?
9
Let p(c) be the second derivative of -3*c**3/2 + 21*c**2 - 17*c. Let t be p(5). Let d(k) = -10*k**3 + k**2 - k + 3. What is the hundreds digit of d(t)?
2
What is the thousands digit of (17/(-34))/(2 - (-6)/(-4)) + 7887?
7
Let b be ((-60)/6)/(-2 - 0/3). Suppose 3*t + 3695 = 10*l - b*l, -4*l = -3*t - 2959. What is the tens digit of l?
3
Let y be (99/(-27))/((-1)/192). Suppose 0 = -5*s + y + 306. What is the tens digit of s?
0
Let w be (-1)/3*-53 + (-500)/(-375). Let r = 151 - w. What is the tens digit of r?
3
Let w(v) = -v**3 - 34*v**2 + 18. Let p be w(-34). What is the units digit of (-2)/p - 380688/(-378)?
7
Suppose 19*k + 30 = 22*k. What is the units digit of (24/4 - k)*58/(-2)?
6
Let q(l) = -8 + 14*l - l**3 + 6*l + 15*l - 43*l + 15*l**2. What is the tens digit of q(7)?
2
Let y = 1993 - 1227. Suppose 4*h - 1042 - y = 0. Suppose 7*v - 3*v - 2*l - 586 = 0, -3*v + 4*l + h = 0. What is the units digit of v?
4
What is the thousands digit of 34766/3 - (224/21)/(-8) - -4?
1
Let p = -98781 - -175583. What is the units digit of p?
2
Let h(b) = b**3 - 9*b**2 - 25*b - 24. Let j be 4 + (-1 + 4 - -1). Suppose 69 + 27 = j*f. What is the units digit of h(f)?
8
Suppose -16 = -4*c, -3*c - 2 = 2*w + 2*c. Let b = -10 - w. What is the units digit of b?
1
Let n = -529 + 526. What is the units digit of 23679/18*((-2)/n - 0)?
7
Suppose 0 = 4*t + 4*q - 4992, 3*t = q + 1309 + 2419. Suppose -31*y = -35*y + t. What is the units digit of y?
1
Let c be (11*2/(-8))/((-4)/240). What is the hundreds digit of (176/10)/((-324)/c + 2)?
4
Suppose 0 = -21750*u + 21769*u - 627228. What is the ten thousands digit of u?
3
Let y(b) = 1144*b**2 + 168*b + 957. What is the tens digit of y(-6)?
3
Suppose 24*c - 23*c = -7, -w - 2*c = -6690. What is the thousands digit of w?
6
Let z(y) = -7*y + 215. Let s be z(0). Let g = s + 50. What is the units digit of g?
5
Suppose 3*h = 2*z + 37491, -5*h = -54*z + 52*z - 62493. What is the ten thousands digit of h?
1
Let l(s) = -2*s + 21. Let x be l(8). Suppose 2*w + 15 = x*w. Let u = 178 - w. What is the tens digit of u?
7
Let o(q) = 232*q**2 + 5*q + 4. Let z be o(-4). Suppose 36*f = 43*f - z. What is the hundreds digit of f?
5
Let r(c) = -c**3 + 28. Let k be r(0). Suppose 6*w + k = -w. What is the tens digit of (-1)/2 - 342/w?
8
Let x = 1 - 45. Let g be (-1)/4 + (-11)/x. Let a(r) = -4*r + 10. What is the tens digit of a(g)?
1
Let g(w) = 59*w + 69. Let t be g(18). Suppose -13*n = -t - 1079. What is the units digit of n?
0
Let k be (-12)/(-15) + 52/10. Suppose -k*g - 3*g = -2556. Suppose -2*o - g = -3*z, -2*z + o = -0*z - 191. What is the units digit of z?
8
Suppose 3*p + x - 301 + 757 = 0, 12 = -4*x. Let u = p + 72. Let z = u - -184. What is the tens digit of z?
0
Let s(z) = z**3 - 7*z**2 - 6*z - 16. Let i be s(8). Suppose i = 3*f + 63 + 39. Let v = -8 - f. What is the units digit of v?
6
Suppose 0 = 16*c - 7*c + 13*c - 1002188. What is the hundreds digit of c?
5
Let d(j) = -31*j**2 - 16*j + 43*j**2 + 25*j**2 + 3 + 11*j**2. What is the hundreds digit of d(-2)?
2
Let h = 2035 + -1768. What is the tens digit of h?
6
What is the tens digit of (-36570)/(-12) + 7 + 11/(-2)?
4
Let s = -4710 + 7570. What is the units digit of s?
0
Let p(z) be the first derivative of -33*z**2/2 + 5*z + 5. Let r be p(-3). Let f = -8 + r. What is the units digit of f?
6
Let c = 70 - -19. Suppose 0 = 90*w - c*w + 19. Let f = -3 - w. What is the units digit of f?
6
Let x(a) = -3*a**3 - a**2 - 6*a + 36486. What is the tens digit of x(0)?
8
Let s be (-14)/(0 + -2) - (1 + 1). Suppose 0 = s*b, 2*y - y = 4*b + 12. Suppose 3*f - 177 - y = 0. What is the units digit of f?
3
Let g = 26626 + -706. What is the thousands digit of g?
5
Let h(y) = y**3 - 12*y**2 - 9*y + 4. Let p be h(16). Suppose -5*v = -2*b - p, -5*v = -5*b + 6*b - 878. What is the units digit of v?
6
What is the units digit of (-8)/14 + (-4656275)/(-455)?
3
Let c be (1*2)/(20/90). Suppose -5*r = -c*r - r. Suppose -h + 8 + 18 = 3*o, r = 4*h + 4*o - 112. What is the tens digit of h?
2
What is the hundreds digit of (-1 + 1230)/((120/(-8))/(-90))?
3
Let x(i) = -3*i**2 + 4. Let l = -48 - -48. Let t be x(l). Suppose -2*v + 310 = 5*p, -t*v + 5*p + 253 = -337. What is the hundreds digit of v?
1
Let u(h) = -34*h**3 + h**2 - 90*h - 1013. What is the tens digit of u(-10)?
8
Let u = 102 + -20. Suppose -u*w = -84*w + 38. Let x(s) = 7*s - 5. What is the units digit of x(w)?
8
Let h(g) be the first derivative of 42 - 13/2*g**2 + g + 7/3*g**3. What is the hundreds digit of h(7)?
2
Let z = 21 + -16. Suppose -z*s = -9*s + 1104. Suppose -8*k + 12*k - s = 0. What is the tens digit of k?
6
Let k = 106 + -64. Let w be k/12 - (-1)/(2/1). Suppose 0 = -3*r + w*v + 313, -4*v = -8*v - 4. What is the hundreds digit of r?
1
Let z = -1372 - -7582. What is the hundreds digit of z?
2
Suppose 0 = 17*l - 10*l - 184261. What is the tens digit of l?
2
Let s(m) = 19 - 42*m**2 + 78*m**2 - 33*m**2 - 9*m + 2*m. What is the tens digit of s(5)?
5
Let r(v) = 507*v + 1637. What is the ten thousands digit of r(24)?
1
Let u(f) = 1453*f + 1129. What is the tens digit of u(8)?
5
Suppose -43*u = 92*u - 4248180. What is the tens digit of u?
6
Let z(f) be the third derivative of 5*f**4/24 + 25*f**2. Let r be z(1). Suppose -215 = -5*g + r*m, -65 = -g - 4*m - 12. What is the units digit of g?
5
Let x(l) = 3*l - 34*l - 27 + 8*l. What is the units digit of x(-17)?
4
Let b(i) = 20*i**3 - 8*i**2 - 17*i + 62. What is the hundreds digit of b(5)?
2
Let s(d) = -d**3 + 11*d**2 - 15*d - 1. Let i = -14 + 20. Let h be (-28)/i*(-3)/2. What is the units digit of s(h)?
0
Let b(w) = 30 + 2*w - 31*w + 4 - w**2. What is the units digit of b(-17)?
8
Let l = 96 - 94. Let a be 1/3 + (-244)/(-6). Suppose -l*c + a = -21. What is the tens digit of c?
3
Let d = 98 - 14. Let s = 87 - d. Suppose 0 = -s*u + 109 + 554. What is the units digit of u?
1
Suppose -269546 + 83948 = -18*d. What is the hundreds digit of d?
3
Suppose 2*d + 5*v - 20 = 3, -5*d + 5*v = -5. Suppose -3*o + x = -1454, d*o - 2435 = -o + 4*x. What is the tens digit of o?
8
Suppose 124*q = -80686 + 421934. What is the hundreds digit of q?
7
Let r(g) = 6*g**2 + 8*g - 23. Let l(j) = 2*j**2 + 3*j - 8. Let u(f) = 11*l(f) - 4*r(f). Let y be u(2). What is the tens digit of (-1 - -31)*(-3)/y?
4
Suppose 0 = -0*z - 3*z - 135. Suppose u - 4 = -8*k + 4*k, 0 = -2*u - k - 20. What is the tens digit of z/(-4) + (-9)/u?
1
Let k = 146740 + -98935. What is the ten thousands digit of k?
4
Let q(i) = i**3 - 16*i**2 + 10*i + 74. Let s be q(15). What is the tens digit of 6*(0 - s)/(9/225)?
5
Let o be 528/308*7/2. What is the units digit of 3*((-10516)/o)/(-11)?
8
Let k(o) = o**2 + 2*o. Let y(f) = 30*f**2 - 10*f + 61. Let v(l) = -6*k(l) + y(l). What is the hundreds digit of v(7)?
0
Suppose -182*o + 181*o + 3451 = -2*v, 4*v + 17219 = 5*o. What is the thousand